
Suppose 0 = -520*r + 511*r + 51183. What are the prime factors of r?
11, 47
Let u be (3/6)/(1/12). Let f(i) = i**3 - 5*i**2 - 7*i + 9. Let p be f(u). Suppose g = p*a - g - 307, -410 = -4*a + 2*g. List the prime factors of a.
103
Let w = 1081 - 554. Let q = w - 492. What are the prime factors of q?
5, 7
Let b(v) = 53*v**2 + 18*v - 57. Let y be b(3). Let c = y + 1075. What are the prime factors of c?
1549
Let c(h) be the first derivative of 19*h**2/2 + 6*h + 21. Let n be c(2). Let m = 262 - n. List the prime factors of m.
2, 109
Suppose 2060 = 2*b - 2*i, -18*i + 22*i + 2050 = 2*b. Let z = b + -90. What are the prime factors of z?
3, 5, 7
Let i(t) = 306*t**2 - 80*t - 427. What are the prime factors of i(-5)?
3, 7, 11
Let v = 44 + -37. Suppose 5*c + 8 = v*c. Suppose -5*o = -3*f - 353, o = 6*o - c*f - 354. What are the prime factors of o?
2, 5, 7
Suppose 0 = s + 5*o - 22548 - 11395, s = -2*o + 33964. List the prime factors of s.
2, 3, 7, 809
Let t(u) = u**2 + 2*u - 12. Let g = -38 - -59. Suppose 0 = -3*w + g. What are the prime factors of t(w)?
3, 17
Suppose -7*q - 146 = 2381. Let z = q - -632. What are the prime factors of z?
271
Let r be (-2 - 30)*65/(-10). Suppose s - 223 - r = 0. What are the prime factors of s?
431
Let x(y) = y**2 + 5. Let k be 5/(-2)*-6*3/(-15). Let d be 2*k*(-1 - (-8)/4). List the prime factors of x(d).
41
Let a be (-6)/((-72)/(-798)) + 1/2. Let y = -66 - a. List the prime factors of -5 + (122 + y - -4).
11
Let y(f) = -f**2 - 9*f + 12. Let n be y(-10). Let o(q) = -136*q**2 + q**3 + 22*q + 62*q**n + 62*q**2. List the prime factors of o(10).
2, 5
Suppose -9 = -20*w + 91. Suppose -c + w*o + 504 = 0, 0*o = 3*c + o - 1512. What are the prime factors of c?
2, 3, 7
Suppose -4*o = -2*v - 2334, -4*o + 2738 = 4*v + 434. What are the prime factors of o?
7, 83
Let n(p) = -915*p + 2822. What are the prime factors of n(-21)?
22037
Let r = 75793 + -44709. List the prime factors of r.
2, 19, 409
Suppose 0 = 11*m - 13*m + 108. Let p(z) = 17*z - 3. Let b be p(-2). Let s = m + b. What are the prime factors of s?
17
Let j(v) = 3*v**2 + 15*v - 32. Let w be j(-10). Suppose -112*o + w*o - 648 = 0. What are the prime factors of o?
2, 3
Suppose 8*w + 4*f - 5411 = 7*w, -w + 5387 = -2*f. What are the prime factors of w?
5, 13, 83
Suppose 0 = 4*z + 5*t - 5119, -22*z + 27*z - 6383 = -t. Suppose 4*p - 2*a - z = 0, 0 = 5*p + a - 4*a - 1594. List the prime factors of p.
2, 5
Let g(d) = 1732*d**2 + 11*d + 4. What are the prime factors of g(-2)?
2, 5, 691
Let w(c) = -2647*c - 5259. List the prime factors of w(-11).
2, 79, 151
Suppose 8*g - 9*g + 3 = 0. What are the prime factors of 63/(-84)*(-1544)/g?
2, 193
Let a(f) = f**3 - 7*f**2 + 9*f - 13. Let o be a(6). Suppose 441 + 794 = o*z. What are the prime factors of z?
13, 19
Suppose 5*s - 9 + 2 = 2*b, 0 = 5*b + 5*s - 35. Suppose b*m - 398 = 2*h, -m - h - 299 = -4*m. Suppose -11*j = -1000 - m. What are the prime factors of j?
2, 5
Suppose 116 = 4*b - 380. Let y(n) = 88*n - 1. Let v be y(1). Let w = b - v. List the prime factors of w.
37
Let c(u) = 13*u**2 - 24*u - 38. Suppose 36 = -4*t - 4*m, -9*m = -2*t - 5*m - 12. What are the prime factors of c(t)?
2, 17, 29
Let j = -32046 + 62153. What are the prime factors of j?
7, 11, 17, 23
Let p = 54381 + -36854. What are the prime factors of p?
17, 1031
Suppose 3*w + 1084 = -2447. Let p = 1741 + w. List the prime factors of p.
2, 3, 47
Let g be (42 - 41)/((-2)/(-1284)). What are the prime factors of (g - 6/2) + 9?
2, 3
Let d(j) = -200*j**2. Let f be d(-1). Let p be (-1825)/15*3 + 2. Let n = f - p. List the prime factors of n.
163
Let k be 6/9*3 - -4. List the prime factors of 3/k + 6363/18.
2, 3, 59
List the prime factors of 1*(402/(-3) + 4)*-28.
2, 5, 7, 13
Let f(w) = 34*w**2 + w - 16. Let z be f(-4). Suppose -q + z = -568. List the prime factors of q.
2, 3, 7, 13
Let a(b) = -2*b**2 + 4. Let d be a(0). Suppose -d*h + 808 = -4*f - 0*f, -222 = f - 5*h. Let c = -120 - f. List the prime factors of c.
7, 11
Let p(n) be the second derivative of 43/6*n**3 + 19*n + 0 - 31/2*n**2. List the prime factors of p(6).
227
What are the prime factors of -4 + (-3*14/(-3))/((-109)/(-62021))?
2, 3, 1327
Let o(q) = -q**2 + q + 5. Let w be o(2). Let h(z) = z**2 - z - 4. Let s be h(w). Suppose 0 = -8*a + s*a + 228. What are the prime factors of a?
2, 19
Let j = -26 - -27. Let i(h) be the second derivative of 18*h**3 - 3*h**2/2 - 15*h. List the prime factors of i(j).
3, 5, 7
Suppose -5*x + 49 = -y, -y - 136 = 2*y - 4*x. Let k be 14/(((-16)/y)/4). What are the prime factors of (-3174)/(-14) - (-44)/k?
227
Let l(n) = 2*n - 3. Let j be l(4). Suppose 151 = j*t - 3259. What are the prime factors of t/6 - -4*6/72?
2, 3, 19
Suppose -720*q + 726*q + 4422 = 0. Let o = q - -2476. List the prime factors of o.
37, 47
Suppose 6225*i - 6196*i - 2250806 = 0. What are the prime factors of i?
2, 151, 257
Let g = 101 + -96. Suppose q - 18 = -x - 3*x, -3*q - g*x = -26. Suppose -4*u + 4*h = -140, h = q*u - 27 - 46. List the prime factors of u.
2, 19
Let g(h) = -h**3 + 9*h**2 - 11*h - 9. Let i be g(7). What are the prime factors of 2104/i - ((-28)/(-12))/7?
5, 7
List the prime factors of (2 + 0)*(12 - -152).
2, 41
Suppose -4*v + 1244 + 1777 = a, 3016 = a + 5*v. Suppose -w + z + 1008 = -3*z, -3*w + a = 5*z. What are the prime factors of w?
2, 11, 23
Suppose 16989 = 3*p + 3*v, 37*v - 5678 = -p + 41*v. What are the prime factors of p?
2, 2833
Let u(x) = 3*x**2 - 15*x - 61. Let a(v) = -9*v**2 + 46*v + 182. Let h(w) = -6*a(w) - 17*u(w). List the prime factors of h(12).
5
Let u = -27 - -95. Let l = u + -54. Suppose 0 = -l*t + 7*t + 581. What are the prime factors of t?
83
Let q(v) = 3*v**2 + 53*v - 229. Let k(x) = -2*x**2 - 27*x + 114. Let g(s) = 5*k(s) + 3*q(s). List the prime factors of g(16).
11
Let r be (-141*1)/((-12)/(-8)). Let y = 1167 - 964. Let t = r + y. List the prime factors of t.
109
Let h(i) be the first derivative of 155*i**4/4 + i**3 - 2*i**2 + 2*i - 282. Suppose -5*j = 2*q - 11, -4*j - 2*q + 10 = -0. List the prime factors of h(j).
2, 3, 13
Suppose 0 = -5*s + 2*s + 4*s. Suppose 4*x + x - w - 673 = s, -4*x + 542 = w. List the prime factors of x.
3, 5
Let p(i) = 3100*i**2 - 143*i + 295. List the prime factors of p(2).
12409
Suppose 2*g = -l - 0*l - 10, 5*l + 17 = g. Let y be l + 66/30 - (-4)/5. List the prime factors of (185/(-10)*2)/y.
37
Let n(q) = q**3 - 2*q**2 - 21*q - 14. Let f be n(6). Suppose 3*y + t = f*t + 1053, 2*t = y - 347. What are the prime factors of y?
5, 71
Let v(d) = -379*d**3 + d**2 - 13*d - 14. Let x be v(-1). Let l = -159 + x. What are the prime factors of l?
2, 5, 11
Suppose 3*o + 18 = 2*o + 5*d, -8 = -2*d. Let j be (-3)/((-9)/(-48)) - (4 - o). List the prime factors of (j/15)/(2/(-95)).
3, 19
Let d(w) = -w**2 + 5*w - 5. Let o be d(6). Let n(l) = -22*l + 128*l**2 + 8*l + l**3 - 118*l**2 + 8. What are the prime factors of n(o)?
41
Suppose 0 = -2*c - 2*b - 20, -2*c + 3*b - 7*b - 30 = 0. List the prime factors of (c - 85/(-20))*-4 - -358.
19
Suppose 0 = -5*w - 3 + 28. Suppose 2 = -3*q - i - 4*i, q - w*i - 26 = 0. Suppose -196 = -q*b + 224. List the prime factors of b.
2, 5, 7
Suppose -6*z + 91 + 35 = 0. Let r be (-2)/(-4)*-1 - z/(-42). What are the prime factors of (9/(-6) - r)/((-6)/928)?
2, 29
Let u(a) = -29*a - 56. Let o(r) = 1. Let k(b) = -4*o(b) - u(b). What are the prime factors of k(8)?
2, 71
Suppose 0*i - 20*i - 107547 = -1219787. List the prime factors of i.
2, 13903
Let o = -4335 + 6232. What are the prime factors of o?
7, 271
Let b(p) = -5*p + 36. Let n be b(6). Suppose -43*l = -40*l - n. Suppose -2*z = -4*h - 258, l*z + 0*z - 253 = -h. List the prime factors of z.
127
Suppose -j + 3*x = -1305, -5*j + 9*j = -x + 5207. List the prime factors of j*(6/20 + (-143)/(-390)).
2, 7, 31
Suppose 0 = -11*v - 2723 + 51838. List the prime factors of v.
5, 19, 47
Suppose -4*u = 6*a - 206136, -158629 = -5*a + 3*u + 13132. What are the prime factors of a?
2, 89, 193
Suppose 17 = -5*m + 472. Suppose -m*c - 819 = -94*c. What are the prime factors of c?
3, 7, 13
Let y(x) = -3*x**2 - 2*x + 9. Let d(t) = -3*t**2 - 2*t + 10. Let c(z) = 4*d(z) - 3*y(z). Let q be c(4). Let l = q + 140. List the prime factors of l.
97
Let y = -49 + 45. Let p(a) = 7*a**2 - 3*a - 9. Let z be p(y). Let m = z + -